{"version":"1.0","provider_name":"What the France","provider_url":"https:\/\/whatthefrance.org\/es\/","title":"\u00a1Vincent Peirani y Emile Parisien salen de gira! - What the France","type":"rich","width":600,"height":338,"html":"<blockquote class=\"wp-embedded-content\" data-secret=\"GJOdaJjwRa\"><a href=\"https:\/\/whatthefrance.org\/es\/vincent-peirani-y-emile-parisien-salen-de-gira\/\">\u00a1Vincent Peirani y Emile Parisien salen de gira!<\/a><\/blockquote><iframe sandbox=\"allow-scripts\" security=\"restricted\" src=\"https:\/\/whatthefrance.org\/es\/vincent-peirani-y-emile-parisien-salen-de-gira\/embed\/#?secret=GJOdaJjwRa\" width=\"600\" height=\"338\" title=\"\u00ab\u00a1Vincent Peirani y Emile Parisien salen de gira!\u00bb \u2014 What the France\" data-secret=\"GJOdaJjwRa\" frameborder=\"0\" marginwidth=\"0\" marginheight=\"0\" scrolling=\"no\" class=\"wp-embedded-content\"><\/iframe><script type=\"text\/javascript\">\n\/* <![CDATA[ *\/\n\/*! This file is auto-generated *\/\n!function(d,l){\"use strict\";l.querySelector&&d.addEventListener&&\"undefined\"!=typeof URL&&(d.wp=d.wp||{},d.wp.receiveEmbedMessage||(d.wp.receiveEmbedMessage=function(e){var t=e.data;if((t||t.secret||t.message||t.value)&&!\/[^a-zA-Z0-9]\/.test(t.secret)){for(var s,r,n,a=l.querySelectorAll('iframe[data-secret=\"'+t.secret+'\"]'),o=l.querySelectorAll('blockquote[data-secret=\"'+t.secret+'\"]'),c=new RegExp(\"^https?:$\",\"i\"),i=0;i<o.length;i++)o[i].style.display=\"none\";for(i=0;i<a.length;i++)s=a[i],e.source===s.contentWindow&&(s.removeAttribute(\"style\"),\"height\"===t.message?(1e3<(r=parseInt(t.value,10))?r=1e3:~~r<200&&(r=200),s.height=r):\"link\"===t.message&&(r=new URL(s.getAttribute(\"src\")),n=new URL(t.value),c.test(n.protocol))&&n.host===r.host&&l.activeElement===s&&(d.top.location.href=t.value))}},d.addEventListener(\"message\",d.wp.receiveEmbedMessage,!1),l.addEventListener(\"DOMContentLoaded\",function(){for(var e,t,s=l.querySelectorAll(\"iframe.wp-embedded-content\"),r=0;r<s.length;r++)(t=(e=s[r]).getAttribute(\"data-secret\"))||(t=Math.random().toString(36).substring(2,12),e.src+=\"#?secret=\"+t,e.setAttribute(\"data-secret\",t)),e.contentWindow.postMessage({message:\"ready\",secret:t},\"*\")},!1)))}(window,document);\n\/\/# sourceURL=https:\/\/whatthefrance.org\/wp-includes\/js\/wp-embed.min.js\n\/* ]]> *\/\n<\/script>\n","description":"El d\u00fao formado por el acordeonista Vincent Peirani y el saxofonista soprano Emile Parisien se encuentran actualmente de gira para presentar Abrazo, su \u00faltimo \u00e1lbum, lanzado el 28 de agosto de 2020. Probablemente haya pocos m\u00fasicos que se conozcan tan bien como Peirani y Parisien. Ambos han dado m\u00e1s de mil conciertos durante la \u00faltima [&hellip;]","thumbnail_url":"https:\/\/whatthefrance.org\/wp-content\/uploads\/2018\/10\/192-1.png","thumbnail_width":192,"thumbnail_height":192}

El dúo formado por el acordeonista Vincent Peirani y el saxofonista soprano Emile Parisien se encuentran actualmente de gira para presentar Abrazo, su último álbum, lanzado el 28 de agosto de 2020. Probablemente haya pocos músicos que se conozcan tan bien como Peirani y Parisien. Ambos han dado más de mil conciertos durante la última [&hellip;]
