{"version":"1.0","provider_name":"What the France","provider_url":"https:\/\/whatthefrance.org\/fr\/","title":"General Elektriks | Concerts en Allemagne et en Suisse - What the France","type":"rich","width":600,"height":338,"html":"<blockquote class=\"wp-embedded-content\" data-secret=\"Sdk8unixrV\"><a href=\"https:\/\/whatthefrance.org\/fr\/__trashed\/\">General Elektriks | Concerts en Allemagne et en Suisse<\/a><\/blockquote><iframe sandbox=\"allow-scripts\" security=\"restricted\" src=\"https:\/\/whatthefrance.org\/fr\/__trashed\/embed\/#?secret=Sdk8unixrV\" width=\"600\" height=\"338\" title=\"\u00ab\u00a0General Elektriks | Concerts en Allemagne et en Suisse\u00a0\u00bb &#8212; What the France\" data-secret=\"Sdk8unixrV\" frameborder=\"0\" marginwidth=\"0\" marginheight=\"0\" scrolling=\"no\" class=\"wp-embedded-content\"><\/iframe><script type=\"text\/javascript\">\n\/* <![CDATA[ *\/\n\/*! This file is auto-generated *\/\n!function(d,l){\"use strict\";l.querySelector&&d.addEventListener&&\"undefined\"!=typeof URL&&(d.wp=d.wp||{},d.wp.receiveEmbedMessage||(d.wp.receiveEmbedMessage=function(e){var t=e.data;if((t||t.secret||t.message||t.value)&&!\/[^a-zA-Z0-9]\/.test(t.secret)){for(var s,r,n,a=l.querySelectorAll('iframe[data-secret=\"'+t.secret+'\"]'),o=l.querySelectorAll('blockquote[data-secret=\"'+t.secret+'\"]'),c=new RegExp(\"^https?:$\",\"i\"),i=0;i<o.length;i++)o[i].style.display=\"none\";for(i=0;i<a.length;i++)s=a[i],e.source===s.contentWindow&&(s.removeAttribute(\"style\"),\"height\"===t.message?(1e3<(r=parseInt(t.value,10))?r=1e3:~~r<200&&(r=200),s.height=r):\"link\"===t.message&&(r=new URL(s.getAttribute(\"src\")),n=new URL(t.value),c.test(n.protocol))&&n.host===r.host&&l.activeElement===s&&(d.top.location.href=t.value))}},d.addEventListener(\"message\",d.wp.receiveEmbedMessage,!1),l.addEventListener(\"DOMContentLoaded\",function(){for(var e,t,s=l.querySelectorAll(\"iframe.wp-embedded-content\"),r=0;r<s.length;r++)(t=(e=s[r]).getAttribute(\"data-secret\"))||(t=Math.random().toString(36).substring(2,12),e.src+=\"#?secret=\"+t,e.setAttribute(\"data-secret\",t)),e.contentWindow.postMessage({message:\"ready\",secret:t},\"*\")},!1)))}(window,document);\n\/\/# sourceURL=https:\/\/whatthefrance.org\/wp-includes\/js\/wp-embed.min.js\n\/* ]]> *\/\n<\/script>\n","description":"General Elektriks est n\u00e9 d&rsquo;une id\u00e9e d&rsquo;Herv\u00e9 Salters, un clavi\u00e9riste vintage fran\u00e7ais. Avant que Salters ne d\u00e9m\u00e9nage \u00e0 San Francisco en 1999, il jouait du clavier \u00e0 Paris pour son propre groupe, mais aussi pour divers autres artistes (Femi Kuti, -M-, DJ Mehdi, etc.). En Am\u00e9rique, il a commenc\u00e9 \u00e0 exp\u00e9rimenter avec ses claviers pr\u00e9f\u00e9r\u00e9s, [&hellip;]","thumbnail_url":"https:\/\/whatthefrance.org\/wp-content\/uploads\/2018\/10\/192-1.png","thumbnail_width":192,"thumbnail_height":192}

General Elektriks est né d&rsquo;une idée d&rsquo;Hervé Salters, un claviériste vintage français. Avant que Salters ne déménage à San Francisco en 1999, il jouait du clavier à Paris pour son propre groupe, mais aussi pour divers autres artistes (Femi Kuti, -M-, DJ Mehdi, etc.). En Amérique, il a commencé à expérimenter avec ses claviers préférés, [&hellip;]
